.
3, 1867
What are the prime factors of 683084?
2, 389, 439
What are the prime factors of 260674?
2, 130337
List the prime factors of 5544.
2, 3, 7, 11
What are the prime factors of 1369166?
2, 503, 1361
What are the prime factors of 1413361?
1413361
List the prime factors of 2101104.
2, 3, 14591
What are the prime factors of 1619843?
31, 52253
What are the prime factors of 34653?
3, 11551
What are the prime factors of 7174991?
7174991
List the prime factors of 18712.
2, 2339
What are the prime factors of 302510?
2, 5, 13, 179
What are the prime factors of 10597630?
2, 5, 17, 19, 193
What are the prime factors of 93753?
3, 11, 947
List the prime factors of 25926668.
2, 6481667
List the prime factors of 3904534.
2, 1952267
What are the prime factors of 14591233?
43, 339331
List the prime factors of 25199089.
73, 345193
List the prime factors of 856488.
2, 3, 127, 281
List the prime factors of 703342.
2, 19, 83, 223
What are the prime factors of 10409964?
2, 3, 673, 1289
What are the prime factors of 685643?
7, 41, 2389
What are the prime factors of 3984869?
7, 569267
List the prime factors of 123703.
103, 1201
List the prime factors of 18887074.
2, 271, 34847
What are the prime factors of 240322?
2, 107, 1123
List the prime factors of 295846.
2, 53, 2791
What are the prime factors of 117342?
2, 3, 41, 53
List the prime factors of 788456.
2, 67, 1471
What are the prime factors of 742031?
742031
What are the prime factors of 981623?
981623
What are the prime factors of 838972?
2, 209743
List the prime factors of 89073.
3, 3299
List the prime factors of 401736.
2, 3, 19, 881
List the prime factors of 286105.
5, 57221
List the prime factors of 14379058.
2, 401, 17929
List the prime factors of 3874680.
2, 3, 5, 47, 229
What are the prime factors of 40562794?
2, 20281397
What are the prime factors of 473844?
2, 3, 7, 5641
List the prime factors of 27266.
2, 13633
What are the prime factors of 1397272?
2, 174659
List the prime factors of 3309542.
2, 83, 19937
What are the prime factors of 900042?
2, 3, 11, 13, 1049
List the prime factors of 180392.
2, 22549
List the prime factors of 16689598.
2, 8344799
What are the prime factors of 6669820?
2, 5, 333491
What are the prime factors of 4921314?
2, 3, 137, 5987
What are the prime factors of 2427448?
2, 303431
List the prime factors of 97031.
11, 8821
List the prime factors of 367632.
2, 3, 23, 37
What are the prime factors of 9517682?
2, 31, 153511
What are the prime factors of 92015?
5, 7, 11, 239
What are the prime factors of 242520?
2, 3, 5, 43, 47
What are the prime factors of 957886?
2, 478943
What are the prime factors of 17479346?
2, 8739673
List the prime factors of 41881.
7, 31, 193
What are the prime factors of 6922?
2, 3461
What are the prime factors of 1749763?
47, 59, 631
List the prime factors of 3199629.
3, 59, 18077
What are the prime factors of 3831879?
3, 31, 41203
What are the prime factors of 611810?
2, 5, 193, 317
List the prime factors of 12516375.
3, 5, 33377
List the prime factors of 324672.
2, 3, 19, 89
List the prime factors of 373657.
373657
List the prime factors of 209831.
17, 12343
List the prime factors of 8247858.
2, 3, 331, 4153
List the prime factors of 5148822.
2, 3, 7, 83, 211
What are the prime factors of 12867517?
13, 167, 5927
List the prime factors of 532117.
17, 113, 277
What are the prime factors of 83926?
2, 29, 1447
What are the prime factors of 198415?
5, 7, 5669
What are the prime factors of 166390?
2, 5, 7, 2377
List the prime factors of 15337014.
2, 3, 7, 11, 89, 373
What are the prime factors of 2027300?
2, 5, 11, 19, 97
List the prime factors of 15971037.
3, 223, 23873
What are the prime factors of 3880570?
2, 5, 388057
What are the prime factors of 69460?
2, 5, 23, 151
What are the prime factors of 1582566?
2, 3, 263761
List the prime factors of 373117.
79, 4723
List the prime factors of 5213328.
2, 3, 313, 347
What are the prime factors of 6250291?
733, 8527
What are the prime factors of 90394?
2, 45197
List the prime factors of 687295.
5, 7, 73, 269
What are the prime factors of 7605357?
3, 947, 2677
List the prime factors of 438185.
5, 11, 31, 257
List the prime factors of 1040109.
3, 7, 49529
What are the prime factors of 2084941?
43, 48487
What are the prime factors of 6063781?
17, 356693
List the prime factors of 12931620.
2, 3, 5, 13, 59, 281
List the prime factors of 199327.
47, 4241
What are the prime factors of 3725371?
13, 509, 563
List the prime factors of 27510298.
2, 13755149
List the prime factors of 1227951.
3, 19, 43, 167
What are the prime factors of 17688886?
2, 19, 23, 37, 547
List the prime factors of 274828.
2, 127, 541
List the prime factors of 447769.
7, 47, 1361
List the prime factors of 192643.
11, 83, 211
List the prime factors of 4118514.
2, 3, 73, 9403
List the prime factors of 1665312.
2, 3, 11, 19, 83
List the prime factors of 5239786.
2, 89, 29437
What are the prime factors of 19522835?
5, 1973, 1979
What are the prime factors of 24824816?
2, 1551551
What are the prime factors of 241553?
13, 17, 1093
List the prime factors of 3592747.
3592747
What are the prime factors of 739642?
2, 369821
List the prime factors of 1463523.
3, 71, 6871
List the prime factors of 201442.
2, 47, 2143
What are the prime factors of 80977?
13, 6229
List the prime factors of 185130.
2, 3, 5, 11, 17
What are the prime factors of 151647?
3, 50549
What are the prime factors of 569449?
17, 19, 41, 43
List the prime factors of 5634299.
11, 107, 4787
What are the prime factors of 98889?
3, 7, 17, 277
List the prime factors of 513332.
2, 17, 7549
What are the prime factors of 20234496?
2, 3, 26347
List the prime factors of 5412308.
2, 11, 123007
List the prime factors of 166342.
2, 11, 7561
What are the prime factors of 7724023?
251, 30773
What are the prime factors of 14233577?
29, 167, 2939
What are the prime factors of 30258933?
3, 37, 272603
List the prime factors of 2586342.
2, 3, 11, 149, 263
List the prime factors of 553633.
23, 24071
List the prime factors of 5143431.
3, 1714477
What are the prime factors of 1630226?
2, 13, 62701
What are the prime factors of 4445976?
2, 3, 17, 641
What are the prime factors of 26560?
2, 5, 83
What are the prime factors of 771277?
13, 79, 751
List the prime factors of 25456929.
3, 23, 137, 2693
List the prime factors of 11381910.
2, 3, 5, 379397
What are the prime factors of 10539313?
23, 257, 1783
List the prime factors of 1151481.
3, 463, 829
List the prime factors of 131532.
2, 3, 97, 113
What are the prime factors of 214725?
3, 5, 7, 409
List the prime factors of 867401.
867401
What are the prime factors of 16254898?
2, 11, 67169
List the prime factors of 7518760.
2, 5, 17, 11057
List the prime factors of 10947.
3, 41, 89
List the prime factors of 2029600.
2, 5, 43, 59
What are the prime factors of 10582?
2, 11, 13, 37
List the prime factors of 180107.
389, 463
What are the prime factors of 442505?
5, 7, 47, 269
What are the prime factors of 233302?
2, 157, 743
List the prime factors of 2744072.
2, 17, 20177
What are the prime factors of 696200?
2, 5, 59
List the prime factors of 71338.
2, 53, 673
What are the prime factors of 2540587?
7, 362941
List the prime factors of 10951111.
17, 43, 71, 211
What are the prime factors of 3508225?
5, 7, 20047
What are the prime factors of 14486981?
41, 353341
List the prime factors of 1232621.
13, 53, 1789
List the prime factors of 10233496.
2, 7, 13, 14057
List the prime factors of 1506254.
2, 753127
What are the prime factors of 961539?
3, 320513
What are the prime factors of 5677903?
7, 11, 19, 3881
What are the prime factors of 8043692?
2, 2010923
What are the prime factors of 274343?
251, 1093
What are the prime factors of 2733?
3, 911
What are the prime factors of 1855940?
2, 5, 71, 1307
List the prime factors of 40486.
2, 31, 653
List the prime factors of 27944706.
2, 3, 19, 245129
What are the prime factors of 3737211?
3, 353, 3529
What are the prime factors of 6924112?
2, 13, 33289
List the prime factors of 36023.
13, 17, 163
What are the prime factors of 10265542?
2, 7, 283, 2591
What are the prime factors of 585286?
2, 13, 22511
What are the prime factors of 23938?
2, 11969
What are the prime factors of 2303091?
3, 7, 139, 263
List the prime factors of 28